 is x(-10)?
-85
Let r(m) = -m**3 - 2*m**2 + 7*m - 43. Calculate r(-5).
-3
Let w(h) = 21*h + 1371. Give w(-37).
594
Let d(a) = 2*a**2 + 72*a - 247. Calculate d(-39).
-13
Let v(x) = 2*x**2 + 110*x - 1622. Calculate v(-67).
-14
Let n(s) = 5982*s - 5974. Determine n(1).
8
Let n(y) = -3*y**2 - 18*y - 124. Give n(-6).
-124
Let t(l) = -128*l + 1465. What is t(9)?
313
Let k(d) = -4*d**2 + 11*d - 3. Give k(6).
-81
Let u(g) = -93*g + 2993. What is u(33)?
-76
Let f(a) = 105*a + 2266. Give f(-24).
-254
Let p(d) = -3539*d - 99087. Determine p(-28).
5
Let m(x) = 23*x**2 - 15*x + 3. Give m(-3).
255
Let m(c) = c**3 + 8*c**2 + 6*c + 1. Determine m(-5).
46
Let y(o) = 2*o**2 - 21*o + 77. Give y(5).
22
Let x(q) = 12*q + 449. Calculate x(-34).
41
Let y(p) = 7*p**2 + 179*p + 100. Give y(-25).
0
Let s(o) = -20*o - 3. Determine s(-4).
77
Let d(o) = -o**3 + 8*o**2 + 5*o - 57. Determine d(7).
27
Let d(x) = 5*x**3 + 25*x**2 + 19*x + 97. What is d(-5)?
2
Let o(c) = -c**3 + 18*c**2 - 38*c + 58. Give o(16).
-38
Let x(b) = -b**2 - 34*b - 219. Calculate x(-25).
6
Let b(v) = 44*v + 261. What is b(-8)?
-91
Let h(f) = 2*f**2 - 184*f + 2454. Determine h(75).
-96
Let x(z) = -61*z**2 + 23421*z + 1153. What is x(384)?
1
Let i(r) = 7490*r + 37433. Calculate i(-5).
-17
Let w(m) = 2*m**3 - 33*m**2 - 277*m + 4416. Determine w(17).
-4
Let z(c) = -93*c - 13699. Give z(-147).
-28
Let f(p) = p**3 + 64*p**2 + 182*p - 180. What is f(-61)?
-119
Let f(d) = -11*d**2 - 50*d - 7. Give f(-3).
44
Let f(r) = -4959*r - 14943. Determine f(-3).
-66
Let z(o) = 602*o - 8457. Give z(14).
-29
Let b(n) = 8*n**2 - 260*n - 258. Give b(-1).
10
Let b(j) = 117*j - 177. Determine b(1).
-60
Let v(t) = t**2 - 36*t + 216. Calculate v(28).
-8
Let v(g) = -1056*g + 17929. Calculate v(17).
-23
Let w(k) = -k**2 - 7*k - 21. Give w(-6).
-15
Let o(u) = -2*u**2 + 90*u + 96. Determine o(46).
4
Let n(l) = 60*l + 761. Calculate n(-12).
41
Let z(h) = -339*h + 20998. Determine z(62).
-20
Let n(h) = -662*h - 5956. What is n(-9)?
2
Let j(r) = r**2 - 102*r + 440. Determine j(5).
-45
Let p(x) = 714*x + 712. Give p(-1).
-2
Let x(s) = s**3 + 6*s**2 - 19*s - 8. Determine x(-7).
76
Let g(s) = 39*s - 624. What is g(9)?
-273
Let d(s) = 3*s**2 + s + 52. Give d(13).
572
Let d(z) = -2*z**2 + 108*z + 5750. Determine d(87).
8
Let q(f) = -135*f + 1918. Determine q(13).
163
Let p(q) = -639*q - 2560. What is p(-4)?
-4
Let r(l) = -627*l + 4388. Determine r(7).
-1
Let b(r) = -642*r - 1280. What is b(-2)?
4
Let c(x) = -13094*x + 78557. Give c(6).
-7
Let t(z) = -z**2 + 60*z - 674. Determine t(45).
1
Let t(u) = -107*u - 18. Calculate t(-2).
196
Let g(b) = b**2 - 130*b + 1405. Give g(12).
-11
Let z(u) = -u**3 - 30*u**2 - 191*u - 39. Give z(-21).
3
Let q(i) = -12*i + 355. Give q(31).
-17
Let j(c) = 20*c - 26. Determine j(13).
234
Let g(q) = -q**3 + 6*q**2 + 54*q - 302. Determine g(8).
2
Let h(o) = -14*o + 160. What is h(10)?
20
Let d(x) = 5*x**3 - 5*x**2 + 17*x - 2. Give d(3).
139
Let b(s) = 20*s - 466. Determine b(13).
-206
Let x(r) = -2*r**3 + 38*r**2 - 27*r - 120. Give x(18).
42
Let i(u) = -881*u + 10573. What is i(12)?
1
Let k(t) = 83*t**3 - t**2 + 18*t + 17. Give k(-1).
-85
Let u(m) = 101*m - 8. Determine u(-1).
-109
Let k(n) = -6*n**3 + 140*n**2 - 552*n + 5. What is k(5)?
-5
Let j(s) = -3*s + 78. What is j(28)?
-6
Let x(m) = -m**3 + 105*m**2 - 1703*m + 246. What is x(85)?
-9
Let t(y) = -y**3 + 79*y**2 + 161*y + 76. Determine t(81).
-5
Let h(b) = 8*b - 175. Determine h(-17).
-311
Let j(g) = 63*g - 266. Give j(5).
49
Let i(c) = -13113*c - 78680. Give i(-6).
-2
Let u(n) = n**3 - 24*n**2 - 45*n - 2895. Calculate u(29).
5
Let g(i) = -i**3 + 43*i**2 + 93*i - 204. Give g(45).
-69
Let k(s) = -s**2 + 32*s - 85. What is k(33)?
-118
Let n(o) = 141*o - 1018. What is n(8)?
110
Let a(u) = 15*u**2 - 44*u - 68. What is a(-3)?
199
Let n(c) = -66*c - 1484. Give n(-19).
-230
Let f(c) = 301*c - 1204. Determine f(4).
0
Let o(r) = 474*r + 1837. Give o(-4).
-59
Let z(w) = 477*w + 2418. Calculate z(-6).
-444
Let o(u) = u**3 + 105*u**2 - 1931*u - 87. Give o(16).
-7
Let u(f) = 183*f - 57804. Calculate u(316).
24
Let h(i) = -2*i**2 - 12*i + 6. Calculate h(3).
-48
Let y(q) = -9*q - 632. Give y(-26).
-398
Let x(r) = 59*r**2 - 28*r - 16. Give x(-2).
276
Let g(m) = 336*m + 5033. Give g(-15).
-7
Let v(o) = -o**2 - 20*o - 74. Calculate v(-16).
-10
Let s(w) = -w**2 + 86*w - 856. Give s(10).
-96
Let p(j) = -3*j**3 - 119*j**2 - 78*j - 2. Determine p(-39).
-2
Let f(v) = -3*v**2 + 3*v - 19. Calculate f(5).
-79
Let p(z) = 158*z + 1897. What is p(-12)?
1
Let n(i) = 8*i + 165. Calculate n(-37).
-131
Let l(k) = 60*k + 30. Determine l(-1).
-30
Let n(l) = l**3 - 66*l**2 + 1075*l - 66. Calculate n(29).
-8
Let i(p) = -p**3 - 7*p**2 + 667*p + 3964. What is i(-6)?
-74
Let j(u) = 277*u + 22738. Give j(-82).
24
Let a(x) = -14*x - 53. Give a(-4).
3
Let o(j) = 8*j**2 + 4*j - 28. Calculate o(4).
116
Let y(f) = -41*f + 276. Determine y(5).
71
Let f(r) = 60*r + 2392. Give f(-36).
232
Let g(r) = -25*r - 803. Give g(-41).
222
Let w(z) = -10*z + 456. Determine w(58).
-124
Let q(k) = -2*k**3 + 116*k**2 - 1634*k + 77. Calculate q(34).
9
Let d(u) = -277*u + 1432. What is d(7)?
-507
Let o(u) = 159*u + 4122. Calculate o(-26).
-12
Let h(u) = 9*u**2 - 164*u - 160. What is h(-1)?
13
Let f(y) = -61*y - 5524. What is f(-89)?
-95
Let f(u) = 92*u + 2028. Determine f(-22).
4
Let o(m) = 2*m**2 - 98*m - 445. Give o(54).
95
Let d(o) = 17*o + 588. What is d(-39)?
-75
Let j(a) = 668*a + 12680. Determine j(-19).
-12
Let u(f) = 137*f + 593. Determine u(-6).
-229
Let l(w) = -3*w**2 - 53*w + 3417. Determine l(26).
11
Let o(r) = -46*r**2 + 6853*r + 255. Determine o(149).
106
Let q(b) = 60*b - 41. What is q(4)?
199
Let o(c) = -c**3 - 6*c**2 - 9*c - 48. Give o(-6).
6
Let p(d) = -60*d - 1781. Determine p(-30).
19
Let q(v) = v**3 + 57*v**2 + 65*v + 3713. Calculate q(-57).
8
Let t(n) = -7*n**2 - 597*n + 3107. Determine t(5).
-53
Let p(g) = -9*g**2 + 35*g - 13. What is p(8)?
-309
Let p(z) = -8*z - 623. Determine p(19).
-775
Let p(z) = -z**3 - 20*z**2 - 8*z - 624. Calculate p(-21).
-15
Let a(k) = 8*k + 39. What is a(-18)?
-105
Let f(s) = 15*s + 98. Give f(2).
128
Let z(x) = x**3 + 5*x**2 - 39*x - 47. Give z(-9).
-20
Let p(y) = 4*y**2 + 89*y + 43. Determine p(-21).
-62
Let s(t) = t**3 + 27*t**2 + 110*t - 787. What is s(-19)?
11
Let m(d) = -8*d + 415. Determine m(43).
71
Let k(c) = 24*c**2 - 366*c - 3. What is k(14)?
-423
Let k(j) = -2*j**2 - 13*j + 79. What is k(-16)?
-225
Let r(c) = -20*c**2 + c - 19. Calculate r(4).
-335
Let a(v) = -2*v**2 + 1168*v + 7078. Give a(-6).
-2
Let a(b) = 11*b**3 - 331*b**2 + 33*b - 90. Give a(30).
0
Let h(r) = -r**3 - 35*r**2 + 683*r - 65. Determine h(-49).
82
Let a(u) = 3*u**3 + 85*u**2 + 95*u - 345. Determine a(-27).
6
Let b(h) = -h**2 + 129*h + 2690. Determine b(-18).
44
Let m(s) = 80*s - 1115. Determine m(14).
5
Let l(w) = 11864*w - 71191. What is l(6)?
-7
Let p(n) = -9567*n - 133949. Determine p(-14).
-11
Let l(s) = -8*s**3 - 120*s**2 - 5*s - 33. What is l(-15)?
42
Let f(y) = -y**2 + 32*y + 14. Give f(34).
-54
Let x(i) = -94*i - 523. Give x(-5).
-53
Let m(b) = -2*b**3 - 37*b**2 - 98*b - 276. Give m(-16).
12
Let g(c) = -c**3 - 23*c**2 + 15*c + 869. Give g(-22).
55
Let g(k) = 17*k**2 + 168*k - 15. Determine g(-10).
5
Let j(u) = -68*u**2 - 215*u + 48. What is j(-3)?
81
Let k(g) = 66*g - 5573. Calculate k(84).
-29
Let o(y) = -y**3 + 27*y**2 + 511*y - 13795. What is o(27)?
2
Let f(d) = -14*d + 457. Calculate f(13).
275
Let w(f) = 59*f**2 - 291*f - 20. Determine w(5).
0
Let w(v) = -v**3 + 13*v**2 - 22*v + 8. What is w(10)?
88
Let a(r) = -r**3 + 136*r**2 + 5*r - 627. Calculate a(136).
53
Let i(f) = 28*f**2 - 1321*f + 248. What is i(47)?
13
Let j(i) = -6*i**2 - 271*i - 792. Calculate j(-42).
6
Let y(t) = t**3 - 124*t**2 + 3168*t + 4. Determine y(36).
4
Let k(z) = -7*z**2 + 87*z - 19. Calculate k(12).
17
Let c(v) = 11*v**2 + 193*v + 762. Calculate c(-6).
0
Let c(n) = n**3 - 9*n**2 + 35*n - 24. Give c(4).
36
Let w(p) = -12*p + 365. Calculate w(28).
29
Let q(r) = r**3 - 25*r**2 + 26*r - 45. Calculate q(24).
3
Let x(l) = -l**3 - 10*l**2 + 14*l - 26. Determine x(6).
-518
Let j(d) = 5*d**2 - 62*d - 2. What is j(12)?
-26
Let u(b) = -2*b**2 - 97*b - 1078. What is u(-29)?
53
Let u(s) = -2*s**3 - 150*s**2 - 4*s - 